{"id":1498,"date":"2023-05-17T12:36:19","date_gmt":"2023-05-17T12:36:19","guid":{"rendered":"http:\/\/darevision.se\/?page_id=1498"},"modified":"2024-03-05T15:22:28","modified_gmt":"2024-03-05T15:22:28","slug":"tjanster","status":"publish","type":"page","link":"https:\/\/darevision.se\/index.php\/tjanster\/","title":{"rendered":"Tj\u00e4nster"},"content":{"rendered":"\n<div class=\"wp-block-group alignfull has-background is-layout-flow wp-block-group-is-layout-flow\" style=\"background-color:#e5e9ec\">\n<div class=\"wp-block-columns is-layout-flex wp-container-core-columns-is-layout-28f84493 wp-block-columns-is-layout-flex\">\n<div class=\"wp-block-column is-vertically-aligned-center is-layout-flow wp-block-column-is-layout-flow\">\n<h3 class=\"wp-block-heading has-medium-font-size\" style=\"letter-spacing:1px\">REVISION<\/h3>\n\n\n\n<p>Utf\u00f6r lagstadgad revision \u00e5t sm\u00e5 och medelstora f\u00f6retag. Vi jobbar fr\u00e4mst med \u00e4garledda f\u00f6retag.<br>Utf\u00f6r \u00e4ven andra tillstyrkandeuppdrag och \u00f6vriga granskningar som ditt f\u00f6retag \u00e4r i behov av.<\/p>\n<\/div>\n\n\n\n<div class=\"wp-block-column is-layout-flow wp-block-column-is-layout-flow\">\n<figure class=\"wp-block-image size-large\"><img decoding=\"async\" src=\"https:\/\/darevision.se\/wp-content\/themes\/inspiro\/assets\/images\/StockSnap_JKMGVEJMPU.jpg\" alt=\"\" class=\"wp-image-26\"\/><\/figure>\n<\/div>\n<\/div>\n<\/div>\n\n\n\n<div class=\"wp-block-group alignfull is-layout-flow wp-block-group-is-layout-flow\">\n<div class=\"wp-block-columns are-vertically-aligned-center is-layout-flex wp-container-core-columns-is-layout-28f84493 wp-block-columns-is-layout-flex\">\n<div class=\"wp-block-column is-vertically-aligned-center is-layout-flow wp-block-column-is-layout-flow\">\n<h3 class=\"wp-block-heading has-text-align-left has-medium-font-size\" style=\"letter-spacing:1px\">\u00c5RSAVSLUT<\/h3>\n\n\n\n<p class=\"has-text-align-left\">Bokslut, \u00e5rsredovisning och deklaration. Vi hj\u00e4lper ditt f\u00f6retag att sy ihop r\u00e4kenskaps\u00e5ret.<br>Vi jobbar \u00e4ven med att ta fram koncernredovisningar.<\/p>\n<\/div>\n\n\n\n<div class=\"wp-block-column is-vertically-aligned-center is-layout-flow wp-block-column-is-layout-flow\">\n<figure class=\"wp-block-image size-large\"><img decoding=\"async\" src=\"https:\/\/darevision.se\/wp-content\/themes\/inspiro\/assets\/images\/StockSnap_M6D1GS9PSL.jpg\" alt=\"\" class=\"wp-image-27\"\/><\/figure>\n<\/div>\n<\/div>\n<\/div>\n\n\n\n<div class=\"wp-block-group alignfull has-background is-layout-flow wp-block-group-is-layout-flow\" style=\"background-color:#e5e9ec\">\n<div class=\"wp-block-columns is-layout-flex wp-container-core-columns-is-layout-28f84493 wp-block-columns-is-layout-flex\">\n<div class=\"wp-block-column is-vertically-aligned-center is-layout-flow wp-block-column-is-layout-flow\">\n<h3 class=\"wp-block-heading has-medium-font-size\" style=\"letter-spacing:1px\">R\u00c5DGIVNING<\/h3>\n\n\n\n<p>Ingen fr\u00e5gan \u00e4r f\u00f6r stor eller f\u00f6r liten. Allt fr\u00e5n den privata inkomstdeklarationen till k\u00f6p och s\u00e4lj av f\u00f6retag. Har vi inte svar p\u00e5 fr\u00e5gan, s\u00e5 finns kunskapen i v\u00e5rt kontaktn\u00e4t.<\/p>\n<\/div>\n\n\n\n<div class=\"wp-block-column is-layout-flow wp-block-column-is-layout-flow\">\n<figure class=\"wp-block-image size-large\"><img decoding=\"async\" src=\"https:\/\/darevision.se\/wp-content\/themes\/inspiro\/assets\/images\/StockSnap_JKMGVEJMPU.jpg\" alt=\"\" class=\"wp-image-26\"\/><\/figure>\n<\/div>\n<\/div>\n<\/div>\n","protected":false},"excerpt":{"rendered":"<p>REVISION Utf\u00f6r lagstadgad revision \u00e5t sm\u00e5 och medelstora f\u00f6retag. Vi jobbar fr\u00e4mst med \u00e4garledda f\u00f6retag.Utf\u00f6r \u00e4ven andra tillstyrkandeuppdrag och \u00f6vriga granskningar som ditt f\u00f6retag \u00e4r i behov av. \u00c5RSAVSLUT Bokslut, \u00e5rsredovisning och deklaration. Vi hj\u00e4lper ditt f\u00f6retag att sy ihop r\u00e4kenskaps\u00e5ret.Vi jobbar \u00e4ven med att ta fram koncernredovisningar. R\u00c5DGIVNING Ingen fr\u00e5gan \u00e4r f\u00f6r stor eller &hellip; <\/p>\n<p class=\"link-more\"><a href=\"https:\/\/darevision.se\/index.php\/tjanster\/\" class=\"more-link\">L\u00e4s mer<span class=\"screen-reader-text\"> \u201dTj\u00e4nster\u201d<\/span><\/a><\/p>\n","protected":false},"author":3,"featured_media":0,"parent":0,"menu_order":0,"comment_status":"closed","ping_status":"closed","template":"","meta":{"footnotes":""},"class_list":["post-1498","page","type-page","status-publish","hentry"],"featured_media_urls":[],"_links":{"self":[{"href":"https:\/\/darevision.se\/index.php\/wp-json\/wp\/v2\/pages\/1498","targetHints":{"allow":["GET"]}}],"collection":[{"href":"https:\/\/darevision.se\/index.php\/wp-json\/wp\/v2\/pages"}],"about":[{"href":"https:\/\/darevision.se\/index.php\/wp-json\/wp\/v2\/types\/page"}],"author":[{"embeddable":true,"href":"https:\/\/darevision.se\/index.php\/wp-json\/wp\/v2\/users\/3"}],"replies":[{"embeddable":true,"href":"https:\/\/darevision.se\/index.php\/wp-json\/wp\/v2\/comments?post=1498"}],"version-history":[{"count":6,"href":"https:\/\/darevision.se\/index.php\/wp-json\/wp\/v2\/pages\/1498\/revisions"}],"predecessor-version":[{"id":1682,"href":"https:\/\/darevision.se\/index.php\/wp-json\/wp\/v2\/pages\/1498\/revisions\/1682"}],"wp:attachment":[{"href":"https:\/\/darevision.se\/index.php\/wp-json\/wp\/v2\/media?parent=1498"}],"curies":[{"name":"wp","href":"https:\/\/api.w.org\/{rel}","templated":true}]}}